nd a?
12
Let y = 1 - -9. Let x be 15/(-10)*50/(-3). What is the greatest common divisor of x and y?
5
Suppose 0 = 3*x + x + 32. Let v(q) = -q**3 - 8*q**2 - q. Let w be v(x). Calculate the highest common factor of 2 and w.
2
Suppose y = -7 + 3. Let m be 1*y*(-6)/(-2). Let x = m - -17. What is the highest common divisor of 10 and x?
5
Suppose q = -4*z + 14, -4*q - z + 31 = 5. What is the highest common divisor of q and 4?
2
Suppose 0 = 4*w + 3*b - 106, -w = -2*w - 5*b + 18. Calculate the greatest common divisor of 4 and w.
4
Suppose 3*i = -3*q + 18, 5*i = i + 3*q + 17. Calculate the highest common divisor of 5 and i.
5
Let l(t) = t + 7. Let w be l(-7). Let d(k) = k**2 - k + 9. Let o be d(w). Let g be (3 - 0 - 4) + o. What is the highest common divisor of 8 and g?
8
Let y = -15 + 31. Suppose 2*j + 3*g - 108 = -g, 0 = -4*j - 5*g + 201. Suppose -j = -2*n - y. What is the highest common divisor of 112 and n?
14
Suppose 3*a + 4*u = -13, -a - 3*a + 4*u + 20 = 0. Let l be -1 + a + 22/2. Let j(h) = h + 1. Let k be j(0). What is the highest common factor of l and k?
1
Let q = -25 - -42. Let m be 306/(-8)*(-2 + -2). Let h = 0 + m. What is the highest common factor of q and h?
17
Let q be 3 - 0*2/(-6). Calculate the greatest common factor of q and 3.
3
Suppose 2*z - 3*y = 19 + 23, -6 = -3*y. Calculate the highest common factor of 6 and z.
6
Suppose -5*n + 27 = -73. Calculate the highest common divisor of 40 and n.
20
Let t = -189 - -321. Suppose 5*l = -4*o + t, -l = -0*l. Suppose 0 = 7*n - 6*n - o. Calculate the greatest common factor of 11 and n.
11
Suppose -3*k = -k - 8. Suppose -k*p = -22 + 2. Suppose 2 - 7 = p*m + 2*t, 0 = -3*m + 4*t + 23. Calculate the greatest common divisor of m and 5.
1
Let l(d) = d**3 + 5*d**2 + 2*d - 4. Let o be l(-3). Calculate the greatest common factor of o and 12.
4
Let r be (-2)/((-2)/26*-2). Let g = r - -40. Let l be 11/4 + 3*(-3)/(-36). Calculate the highest common factor of l and g.
3
Let j = 23 - 8. Let d be 1 - (-4 + 345/(-3)). What is the greatest common divisor of d and j?
15
Let p(g) = 7*g**2 - 7*g + 3. Let f be p(-6). Calculate the highest common divisor of f and 27.
27
Suppose -5*m = 2*s - 45, 11*m + 98 = 5*s + 9*m. Let j = -20 + 40. What is the greatest common factor of j and s?
20
Suppose -4*r + j = -20, 5*j - 11 + 3 = 2*r. Let w = 16 + r. Calculate the greatest common factor of w and 2.
2
Suppose l - 5*l = -40. Suppose 5*n = l*n + 50. Let f be ((-35)/n)/(2/44). What is the highest common factor of f and 11?
11
Suppose 0*x + x - 64 = 0. What is the greatest common factor of 160 and x?
32
Let i be 3 - (-89 + (-16)/4). Calculate the greatest common divisor of i and 24.
24
Let m be 1 + -1 + (-1 - -1). Let a(c) = -c**2 + 22. Let i be a(m). Suppose -p + b = -i - 27, -3*p + 182 = 4*b. Calculate the highest common factor of p and 6.
6
Let g(f) = f**3 - 7*f**2 + 3*f + 2. Let p be g(5). Let t = p + 63. Let d be (t/20)/(2/36). Calculate the greatest common divisor of d and 9.
9
Let y be 72/(-1)*(-7)/14. What is the highest common factor of 54 and y?
18
Let m be -3 - -3 - 48/(-2). Let c be ((-8)/(-5))/(8/20). Suppose -y + 12 = -c. Calculate the highest common divisor of y and m.
8
Let d be ((-12)/5)/(18/(-225)). Calculate the highest common factor of d and 6.
6
Suppose -q = 2*y - 3*y + 6, y = 4. Let s be 38/4 - 1/q. What is the greatest common factor of s and 2?
2
Let c(n) = -n - 6. Let w be c(-6). Let x be 2/(w + 2) + 3. Suppose 0 = x*u + u - 100. What is the highest common factor of u and 30?
10
Let q(n) = n**3 - 3*n**2 + 4*n - 3. Let f be q(3). Let l = f - -27. Let p(x) = -25*x**3 + x. Let u be p(-1). What is the highest common divisor of l and u?
12
Let j(r) = -24*r + 12. Let n be j(-13). Calculate the greatest common factor of n and 36.
36
Suppose 0 = -a + 2*a - 16. Suppose v - 1370 = -4*v. Suppose -3*l + v = -110. What is the greatest common factor of l and a?
16
Suppose 3*f + 2*f = 0. Let m = f + 5. What is the greatest common factor of m and 20?
5
Let u(l) be the first derivative of l**3/3 - 7*l**2/2 + l - 8. Let t be u(8). Calculate the greatest common divisor of 1 and t.
1
Suppose 4*n - 27 = 141. Calculate the highest common factor of n and 14.
14
Let w(o) = -o - 1. Let p be w(0). Let n be 11 + -2 - 1*p. Suppose 22 = 5*z - 3*j, 0 = -0*z + 4*z + j - 21. Calculate the greatest common divisor of n and z.
5
Let z = -23 + 32. Suppose d = 2*d - 54. Calculate the greatest common factor of z and d.
9
Let l be -66*(-6)/4*2. What is the greatest common factor of l and 18?
18
Suppose -9 = -4*t + 3*l, 0 = -t - 2*l + 3 + 2. What is the greatest common divisor of 15 and t?
3
Suppose 3*a - a = -3*q + 8, 0 = -q - 5*a - 19. What is the greatest common divisor of 42 and q?
6
Let r(k) = -5*k + 47. Let s be r(7). Calculate the greatest common divisor of 84 and s.
12
Let o(t) = -23*t - 2. Let j be o(-2). Let a(l) = 2*l - 10. Suppose -2 - 12 = -2*i. Let k be a(i). What is the greatest common divisor of k and j?
4
Suppose 2*t + 2*m = -2*t + 46, -4*t + 2*m + 34 = 0. Let i(s) = s + 12. Let j be i(t). What is the greatest common factor of j and 33?
11
Let m(y) = -42*y**3 + y**2 - 1. Let z be m(-1). Suppose -6*a + 3*a + 4*n = -33, 5*n = a - 22. What is the greatest common factor of a and z?
7
Suppose 2*p = p + 2. Let t be (-20)/(-3)*63/p. What is the greatest common factor of 21 and t?
21
Let m(h) = -3*h**2 - 4*h - 2. Let w be m(-2). Let v = -4 - w. Let n be v*3/(-3) - -66. What is the greatest common factor of n and 8?
8
Suppose -b + 5 = 0, -375 = 4*q - 9*q + 2*b. Suppose j = -x - 2*x + 33, 55 = 5*x + 5*j. Calculate the highest common divisor of x and q.
11
Suppose -16 = -v - 5*w, 2*v + 0*w = 2*w + 32. Calculate the greatest common factor of v and 144.
16
Let s = -7 - -19. Let y = s - 6. Calculate the greatest common divisor of y and 4.
2
Let g(r) = r**2 - 1. Let p be g(3). Suppose -2*b - p = -3*b. Calculate the greatest common factor of 8 and b.
8
Suppose -o - 2*l + 22 = 4, 4*o + 4*l - 84 = 0. Calculate the greatest common divisor of 12 and o.
12
Let n = 36 + 13. What is the greatest common factor of n and 196?
49
Let p = 39 - 1. What is the highest common factor of p and 418?
38
Let k = 9 + -5. Let j(r) = 86*r**3 - r**2. Let t be j(-1). Let v = t + 123. Calculate the greatest common factor of v and k.
4
Let n(h) = -h**3 + 3*h**2 + 4*h + 3. Let x be n(-3). Suppose 2*c = m + 105, -2*c + x + 30 = 5*m. Calculate the greatest common divisor of 20 and c.
10
Let b = 71 + -68. Let p(s) = 6*s**2 - s + 2. Let l be p(2). What is the greatest common factor of l and b?
3
Let r(a) = -a**3 + 7*a**2 + 3*a - 10. Let i be r(7). Let k = 159 + -45. Let f be k/10 + 2/(-5). What is the greatest common divisor of i and f?
11
Let u(v) = -v**3 - 3*v**2 + 9*v - 5. Let n be u(-7). Suppose -4*r - 20 = -n. What is the greatest common factor of 9 and r?
9
Let k = -10 - -15. Suppose -k*u + 20 = -10. Suppose 60 = 2*c + 3*c. What is the highest common divisor of c and u?
6
Suppose 27 = 6*a - 3*a. Suppose 309 - 42 = 5*t + 4*g, 42 = t - 3*g. Let o = t + -24. What is the highest common factor of o and a?
9
Let m be (-1)/(1*1/(-17)). Suppose -5*o - 4*h + 0*h = -97, 0 = -2*o - 2*h + 40. What is the highest common divisor of o and m?
17
Suppose 24 = -4*r + 112. What is the greatest common divisor of r and 154?
22
Suppose -3*j - 1680 = -10*j. What is the greatest common divisor of 30 and j?
30
Suppose -17 = -7*v + 32. Calculate the highest common divisor of v and 21.
7
Suppose 13*s = 4*s + 936. Let l = 24 - 11. Calculate the greatest common divisor of s and l.
13
Let o(h) = 3*h + 6. Let p be o(7). Suppose f = 4*f + p. Let m be (-6)/(-4)*(-6)/f. What is the greatest common factor of 7 and m?
1
Suppose -3*s + 2*j = -233, -2*s - 2*s + 4*j = -316. What is the highest common divisor of s and 15?
15
Let o(i) = i**3 + 40. Let b be o(0). What is the greatest common divisor of 16 and b?
8
Let z = 178 + -91. Calculate the highest common factor of z and 29.
29
Let n = 179 + -107. Calculate the highest common factor of 24 and n.
24
Let v(z) = -z**2 + 25*z. Let s be v(22). Let m(q) = -6*q**3 + q + 1. Let n be m(-1). Calculate the highest common factor of s and n.
6
Let v(s) = 2*s**2 - s + 9. Let o be v(5). What is the greatest common divisor of 36 and o?
18
Suppose -t + 4*t - 2*j - 27